 0*y = 2*y - 5*o - n, 4*o = 2*y - 8. Suppose 0*t + 52 = y*t. List the prime factors of t.
13
Let n(d) = 4*d**2 - 3*d + 2. Let z = -15 - -10. Let v = -3 - z. What are the prime factors of n(v)?
2, 3
Let g be 243/9 + -1*3. Suppose 28 + g = 2*c. List the prime factors of c.
2, 13
What are the prime factors of (-6)/(-4)*(1 + (-1)/(-3))?
2
Let h(c) = c**3 + 10*c**2 + 8*c + 7. Let n be h(-9). Let y = n - 9. Let l = 2 + y. What are the prime factors of l?
3
Let i(h) = 29*h - 4. Let c be i(2). List the prime factors of ((-44)/(-33))/(2/c).
2, 3
List the prime factors of 5/(-20) + (-282)/(-8).
5, 7
Let b = -25 + 108. List the prime factors of b.
83
Suppose -4*f - 5*d + 27 = 0, f + f = -3*d + 15. Suppose 13 = w + 4*y, -4*y + 10 = 5*w - f*w. List the prime factors of 0*(-2)/6 - w.
3
Let c(w) = -w**2 + 3*w. Let l be c(4). Let q be (-5)/20 + (-9)/l. Let i = q - -6. What are the prime factors of i?
2
Suppose 0 = -28*o + 25*o + 264. What are the prime factors of o?
2, 11
Suppose 2*r - r - 3*l = 15, 3*r + 5*l + 25 = 0. Suppose r*h - 4*h + 8 = 0. Suppose 0 = 3*j + 5*k - 10 - 19, -2*j - h*k = -14. What are the prime factors of j?
3
Suppose 0*n - 7*n + 910 = 0. What are the prime factors of n?
2, 5, 13
Let a = -311 + 506. What are the prime factors of a?
3, 5, 13
Let i be 0 - 12 - (0 + 0). Let k be (-3)/i + (-18)/8. What are the prime factors of (8 - 1) + (-2 - k)?
7
Let a(c) = -c**2 - 13*c + 13. Let b(m) = -6*m + 6. Let x be b(3). List the prime factors of a(x).
5
Suppose -15 + 1 = x + 5*n, -2 = n. Let a be x/(-14) - 19/(-7). Let y = 7 + a. What are the prime factors of y?
2, 5
Let c(d) be the second derivative of -2/3*d**3 - 3*d**2 - d + 0. What are the prime factors of c(-4)?
2, 5
Let u be ((-15)/10)/((-3)/(-16)). Let m = 16 + u. What are the prime factors of m?
2
Suppose 0 = -y + 3*p - 6*p + 36, 3*p - 180 = -4*y. List the prime factors of y.
2, 3
Let m be 2/5 + 28/5. Suppose 0 = 2*p + p + m. List the prime factors of 172/14 + p/7.
2, 3
Suppose 3*f + 0*a = -3*a + 477, a = -3*f + 477. List the prime factors of f.
3, 53
Let o = 3 + 149. What are the prime factors of o?
2, 19
Let r(u) = -72*u. What are the prime factors of r(-1)?
2, 3
Suppose -3*y + 4*n = -82, 0*y - 5*n + 2 = y. What are the prime factors of y?
2, 11
Suppose 7*a - 10 = 3*n + 2*a, 2*a - 4 = 0. Suppose 0 = -w, 2*v + 3*w + n + 6 = 0. What are the prime factors of ((-6)/4)/(v/16)?
2
Suppose -3*j + 2*x = -6 + 16, -12 = 3*j - 3*x. Let n(l) = -l**3 - 2*l**2 - l + 1. Let i be n(j). List the prime factors of i/5 + (-28)/(-20).
2
Suppose 0*v - v = 5*g - 7, 4*g = 5*v - 64. List the prime factors of 68/5 - v/(-30).
2, 7
Let b(f) = 2*f - 4. Let t(v) = v + 4. Let p be t(-4). Let u(s) = s**3 - s**2 - s + 3. Let n be u(p). List the prime factors of b(n).
2
Suppose -5*a + 7 + 48 = 0. Let b = a - 7. Suppose 2*s = -0*s + 5*d + 13, -b*s - d + 15 = 0. What are the prime factors of s?
2
Suppose 2*z - 216 = -5*c, -2*c = 2*c - 2*z - 162. List the prime factors of c.
2, 3, 7
Suppose 33 = 2*w - 15. List the prime factors of w.
2, 3
Let k(g) = g**3 + 10*g**2 + 2. Let v be 1 + (-4)/(12/33). Let t be k(v). Suppose t = h - 5. List the prime factors of h.
7
Let m be (-46)/(-12) - 1/(-6). Suppose -2*y + 6 = 0, -5*i = -m*i - y + 23. List the prime factors of (-67)/(-5) - (-8)/i.
13
Let q = 3 - -1. Suppose -5*w + 68 = 3*c, -5*c + 5*w = q*w - 76. Suppose 6*b - 2*b = c. What are the prime factors of b?
2
Let b(g) = -g - 1. Let r be b(0). Let m be 13/3 - r/(-3). Suppose 6 = m*x - 2. List the prime factors of x.
2
Suppose -349 - 80 = -4*y - 5*z, 414 = 4*y + 2*z. What are the prime factors of y?
101
Suppose 0 = 39*b - 36*b - 126. List the prime factors of b.
2, 3, 7
Suppose 16 = 2*s + 4*a, -2*s - 7 = -7*s + a. Let z be -2 - ((12 - s) + -2). What are the prime factors of z/(-8)*(1 + 7)?
2, 5
Let y = 9 - 5. Suppose -4*w + 17 + 7 = f, 0 = y*f + 16. List the prime factors of w.
7
Suppose 10 + 2 = 3*b. Let p = b - 7. Let s = p + 5. List the prime factors of s.
2
Let t be (-3 - -2) + 14/1. Suppose -3*p - 1 = -t. Suppose -2*s = p*i - 8 - 4, i - 3*s = 3. What are the prime factors of i?
3
Let h = 36 + -22. List the prime factors of h.
2, 7
Let c be (2/(-3))/((-1)/(-24)). Let n = -10 - c. What are the prime factors of n?
2, 3
What are the prime factors of 8 - ((-7)/14 - (-3)/2)?
7
Suppose -676 = -11*n + 303. What are the prime factors of n?
89
Let v = -212 - -411. What are the prime factors of v?
199
Let p(n) = -n**3 - 18. Let f be p(0). Let u = 29 + f. List the prime factors of u.
11
Let q(w) = w**3 + 8*w**2 + 7*w. Let u be q(-7). Suppose d + 3*d - 12 = u. Suppose -j + d*h = j - 4, 0 = j + 2*h - 9. List the prime factors of j.
5
Let x = 4 - 4. Suppose -4*v = -x*v + 8. What are the prime factors of 2 - 1*(v - -1)?
3
Let i be ((-8)/(-5))/(14/35). List the prime factors of i/(-22) + (-378)/(-22).
17
What are the prime factors of 6*(-2 + (-16)/(-6))?
2
Suppose 3*o = 2*o - 28. Let n = 50 + o. What are the prime factors of n?
2, 11
Let a = 128 + -75. List the prime factors of a.
53
Suppose 7*a - 6*a = 85. What are the prime factors of a?
5, 17
Let c = 11 + -8. Suppose c*s + 26 = r + 154, 4*s - r - 169 = 0. List the prime factors of s.
41
Let c = 15 - 11. Suppose 0 = -3*f + 9, 3*h + c*f = 2*f + 51. List the prime factors of h.
3, 5
Let u(l) = -37*l + 7. List the prime factors of u(-3).
2, 59
List the prime factors of (-2)/(2 - 256/124).
31
Suppose -5*l = -2*l - 15, 59 = 4*m + 3*l. What are the prime factors of m?
11
Let p = 8 + -4. Suppose 0 = 3*g - p*g + 3, 2*g = 3*f - 18. Let o(l) = l**2 - 8*l + 6. List the prime factors of o(f).
2, 3
List the prime factors of -12*(-2 - (-6)/(-8)).
3, 11
Let g(w) be the second derivative of 0 - 1/6*w**3 + w - 1/2*w**2 + 7/12*w**4. What are the prime factors of g(-1)?
7
Suppose 66 = 5*x - 2*x. Let m = -3 + x. What are the prime factors of m?
19
Let z = -21 - -73. List the prime factors of (1/2)/(2/z).
13
List the prime factors of (-43)/(-5) - (-3)/(-5).
2
Let u be (0 - -3)*35/15. Suppose 5*a - 36 = 104. Suppose -u = -5*s + a. What are the prime factors of s?
7
Suppose -73 = -2*v + 35. What are the prime factors of v?
2, 3
Let i = -34 + 45. What are the prime factors of i?
11
Suppose -d + 1 = -3. What are the prime factors of ((-6)/d)/(21/(-112))?
2
Suppose 4 = 5*f - 16. Suppose -2*x + 10 - 3 = 5*i, -5*i = -x - f. What are the prime factors of (i + 0)/(7/98)?
2, 7
Let p(c) = -11*c**3 - 3*c**2 - 4*c + 4. What are the prime factors of p(-3)?
2, 11, 13
Let m = -1 + 4. Suppose 2*x + 2*t - m = -1, -t = 0. List the prime factors of (-1)/(x - 0)*-21.
3, 7
Let m(n) = 3*n**2 + 4*n + 3. Let u(g) = 7*g**2 - 8 + 0*g + g**3 + 8*g - 3*g. Let r be u(-6). What are the prime factors of m(r)?
7
Let h(u) = u**3 + 5*u**2 - 7*u - 3. Let w be h(-6). Let z = 5 - w. List the prime factors of z.
2
Suppose -3*g + 15 + 9 = 0. Let f = -6 + g. What are the prime factors of f?
2
Suppose 4*g - 13 = 5*g. Let q = g - -25. What are the prime factors of q?
2, 3
Let x be (-3 + 1)/1 + -1. Let g = 8 + x. Suppose 2 = a - g. What are the prime factors of a?
7
Let z = -9 - -12. Suppose -5*d = -z*a + 84, -2*a = 2*a - 2*d - 98. List the prime factors of a.
23
Let b = -22 - -26. List the prime factors of b/6*(-108)/(-8).
3
Let o be -5 - 0/(-3) - 2. Let u = o + 6. Let x(s) = 12*s**2 - 2*s - 1. List the prime factors of x(u).
13
Let j = 7 + 7. What are the prime factors of j?
2, 7
Suppose -k + 2*q = -2*q - 31, k = -2*q + 1. Let w = k + -4. List the prime factors of w.
7
What are the prime factors of (5/10)/((-2)/(-464))?
2, 29
Let t = 1 + 3. Let c be (t/(-2))/(6/(-24)). Suppose c = 5*d - 47. List the prime factors of d.
11
Suppose -g = -0*g. Suppose 4*v + 0 + 37 = 3*q, g = 3*q - 5*v - 35. What are the prime factors of q?
3, 5
Let y(o) = -o**3 + 5*o**2 - 4*o + 3. Let x be (-8)/(1 + -3 - 0). Let j be y(x). Suppose -2*m - 2*w = -3*w - 13, -m + j*w = -19. List the prime factors of m.
2
Let m = 1 + 0. List the prime factors of (-2 - -1)/(m/(-18)).
2, 3
Let z(m) = -3*m**2 - 2*m**2 + 0 + 4*m**2 - 7 + 12*m. List the prime factors of z(11).
2
Suppose -7*c = -6*c - 4. Suppose -c*l + 30 = l. List the prime factors of l.
2, 3
Suppose -769 = -9*t + 356. List the prime factors of t.
5
Let f(k) be the second derivative of k**4/12 - k**2 + 2*k. Suppose 0 = -0*p + 5*p - 2